 (base 7) in base 15?
65
Convert 13188 (base 14) to base 3.
2101102102
1000011001 (base 2) to base 11
449
What is 111000011110 (base 2) in base 6?
24422
Convert -1906 (base 12) to base 5.
-44110
What is -47 (base 9) in base 2?
-101011
1577 (base 8) to base 12
627
-483 (base 15) to base 4
-33333
What is 100221 (base 4) in base 16?
429
-328a (base 13) to base 8
-15603
What is -1000110001 (base 2) in base 16?
-231
Convert -11101111000000 (base 2) to base 16.
-3bc0
What is 15254 (base 7) in base 10?
4253
Convert -13310130 (base 4) to base 16.
-7d1c
What is 23a06 (base 11) in base 7?
202362
-5a7 (base 12) to base 6
-3531
What is 35c5 (base 14) in base 13?
436c
What is -1c78 (base 14) in base 5?
-131302
Convert 104142 (base 5) to base 7.
13464
Convert -108 (base 11) to base 9.
-153
-1001100011011 (base 2) to base 11
-3747
-12611 (base 7) to base 3
-11122112
What is 37568 (base 11) in base 9?
81860
Convert 32808 (base 11) to base 3.
2102020112
Convert -128a (base 12) to base 11.
-165a
293 (base 12) to base 15
1b9
-208 (base 15) to base 8
-712
-1101001110011 (base 2) to base 11
-50a6
-11411 (base 5) to base 9
-1151
What is 196 (base 10) in base 4?
3010
Convert 3c4 (base 14) to base 15.
35a
Convert -560 (base 12) to base 2.
-1100011000
What is 8a (base 11) in base 5?
343
ad2 (base 15) to base 5
34242
Convert -10b33 (base 12) to base 3.
-1010200010
Convert -473 (base 8) to base 2.
-100111011
-627 (base 16) to base 9
-2140
What is -1655 (base 13) in base 11?
-2513
What is -11100010001101 (base 2) in base 13?
-6788
What is 100111 (base 3) in base 4?
10000
What is -763 (base 16) in base 6?
-12431
Convert 31112 (base 4) to base 5.
11404
Convert 1110111001 (base 2) to base 12.
675
What is 52750 (base 10) in base 16?
ce0e
Convert 116b7 (base 12) to base 3.
1012012011
306443 (base 7) to base 15
1093b
Convert -52b (base 16) to base 6.
-10043
What is -35526 (base 10) in base 6?
-432250
-12320 (base 9) to base 3
-102100200
2a85 (base 12) to base 2
1001110000101
-320 (base 4) to base 5
-211
What is -10120001 (base 3) in base 12?
-1601
-121112 (base 3) to base 6
-2022
11010001000 (base 2) to base 7
4606
What is 1131 (base 6) in base 16?
10f
What is -12261 (base 8) in base 7?
-21305
What is -555 (base 6) in base 12?
-15b
Convert -1663 (base 8) to base 9.
-1262
1473 (base 12) to base 9
3246
-9814 (base 11) to base 9
-18702
Convert 462 (base 8) to base 9.
370
What is -10110011000 (base 2) in base 5?
-21212
Convert 1931 (base 11) to base 15.
ad9
a71b (base 12) to base 15
565b
Convert -5136 (base 7) to base 16.
-6ff
-10100100111 (base 2) to base 13
-7a6
-46712 (base 9) to base 2
-111100111011100
What is -5508 (base 9) in base 13?
-1b02
Convert 68c5 (base 13) to base 6.
152011
Convert -7c (base 13) to base 15.
-6d
110000110110010 (base 2) to base 5
1300020
Convert 8ab5 (base 12) to base 5.
443101
300 (base 12) to base 11
363
Convert 2522 (base 12) to base 7.
15152
What is 125020 (base 7) in base 13?
a813
What is -211123 (base 4) in base 8?
-4533
What is -419 (base 15) in base 6?
-4140
What is 3536 (base 11) in base 6?
33245
-76d (base 14) to base 16
-5bd
What is -121111 (base 4) in base 11?
-1244
Convert 100010000001110 (base 2) to base 6.
212354
What is -231 (base 16) in base 11?
-470
-2125 (base 6) to base 10
-485
Convert 101112022 (base 3) to base 8.
16774
1b90 (base 14) to base 13
2398
What is 221440 (base 5) in base 9?
11555
What is -1a5 (base 12) in base 4?
-10031
Convert -5561 (base 7) to base 3.
-2202012
What is 2568 (base 10) in base 8?
5010
Convert -28a (base 16) to base 2.
-1010001010
Convert 312 (base 8) to base 10.
202
What is -424106 (base 7) in base 13?
-27587
What is 166e (base 16) in base 11?
4350
Convert 1020021 (base 3) to base 13.
541
Convert 113421 (base 5) to base 11.
3201
17268 (base 11) to base 15
72d4
Convert 6722 (base 8) to base 4.
313102
-397 (base 13) to base 16
-277
What is -11224 (base 5) in base 13?
-4a8
What is -152a7 (base 12) in base 11?
-20423
Convert 12889 (base 15) to base 13.
20cbb
Convert -44a8 (base 11) to base 15.
-1b51
Convert 135 (base 10) to base 4.
2013
What is -11330313 (base 4) in base 2?
-101111100110111
What is 10b32 (base 14) in base 12?
1b608
-1000220 (base 3) to base 16
-2f1
Convert 1212 (base 12) to base 13.
c02
Convert -9eb (base 15) to base 6.
-14222
-1013 (base 5) to base 8
-205
Convert -2aa (base 11) to base 15.
-192
Convert 111011 (base 2) to base 6.
135
Convert 16450 (base 8) to base 9.
11213
What is 10003132 (base 4) in base 16?
40de
Convert 23042 (base 6) to base 13.
1643
3a (base 13) to base 5
144
Convert 13e (base 16) to base 2.
100111110
-a41 (base 11) to base 15
-58a
What is 2504 (base 16) in base 2?
10010100000100
26718 (base 9) to base 8
43240
Convert 40242 (base 5) to base 9.
3467
What is -6883 (base 15) in base 12?
-109b9
Convert 133 (base 4) to base 15.
21
-29496 (base 10) to base 13
-1056c
What is 423 (base 5) in base 14?
81
Convert -14342 (base 8) to base 7.
-24400
What is c79 (base 15) in base 10?
2814
Convert -2020221 (base 3) to base 16.
-66d
-10213 (base 5) to base 12
-48b
What is -312 (base 8) in base 3?
-21111
Convert 62b3 (base 13) to base 2.
11010101100010
19650 (base 11) to base 15
81bb
What is -211524 (base 6) in base 12?
-9ba4
Convert 10220131 (base 4) to base 15.
594d
Convert -1020020 (base 3) to base 12.
-629
What is -12613 (base 7) in base 2?
-110100111111
-11bc (base 15) to base 5
-110102
Convert -110100000 (base 2) to base 12.
-2a8
What is 11312033 (base 4) in base 10?
23951
Convert -13230 (base 11) to base 13.
-87b7
Convert -123121 (base 6) to base 11.
-834a
Convert -43414 (base 6) to base 11.
-4552
Convert -1013212 (base 6) to base 9.
-73688
What is 20231002 (base 4) in base 2?
1000101101000010
Convert 11c60 (base 15) to base 8.
156726
4a5 (base 12) to base 2
1010111101
-137 (base 8) to base 14
-6b
What is 24241 (base 5) in base 9?
2443
534 (base 6) to base 13
127
-32e6 (base 16) to base 7
-52663
What is 591a (base 13) in base 8?
30361
Convert -1a (base 15) to base 4.
-121
Convert -1621 (base 10) to base 9.
-2201
-2452 (base 8) to base 6
-10042
1111100110 (base 2) to base 6
4342
Convert -11010001101 (base 2) to base 10.
-1677
-10466 (base 8) to base 2
-1000100110110
What is 12d4 (base 14) in base 7?
12454
What is c74 (base 16) in base 4?
301310
What is -10467 (base 9) in base 7?
-26152
What is 1474 (base 12) in base 8?
4530
Convert -2727 (base 12) to base 3.
-20011111
Convert -17438 (base 10) to base 13.
-7c25
-534 (base 9) to base 13
-277
Convert 13112 (base 4) to base 12.
332
1630 (base 9) to base 7
3423
What is 6165 (base 7) in base 2?
100001101010
112220 (base 3) to base 4
12102
26ec (base 16) to base 12
5924
12146 (base 7) to base 6
22402
11152 (base 9) to base 5
214133
Convert -143410 (base 6) to base 11.
-a378
What is 111010 (base 4) in base 6?
10124
What is -7032 (base 10) in base 11?
-5313
What is 19a1 (base 12) in base 9?
4274
Convert -122 (base 12) to base 6.
-442
Convert 472 (base 9) to base 14.
1db
15773 (base 8) to base 12
418b
What is -15535 (base 7) in base 8?
-10443
123022 (base 4) to base 5
23423
Convert -2651 (base 8) to base 11.
-10a8
-2b3 (base 12) to base 9
-520
105 (base 15) to base 4
3212
-524 (base 12) to base 11
-620
61 (base 9) to base 4
313
340 (base 16) to base 15
3a7
Convert 10685 (base 9) to base 6.
52552
Convert -2522 (base 7) to base 4.
-32303
What is -43961 (base 10) in base 9?
-66265
Convert -1224 (base 7) to base 2.
-111001011
145335 (base 7) to base 15
85b9
Convert -131550 (base 6) to base 16.
-2f3a
Convert ea (base 16) to base 15.
109
What is -211 (base 10) in base 6?
-551
Convert 6262 (base 7) to base 10.
2200
Convert -ad (base 14) to base 13.
-ba
What is 467 (base 15) in base 5?
12442
What is -790c (base 13) in base 14?
-6240
What is 216 (base 14) in base 5?
3122
What is -1010111110011 (base 2) in base 13?
-2733
Convert -297a (base 11) to base 5.
-110323
What is 1406 (base 8) in base 15?
369
310132 (base 6) to base 3
1020212002
Convert 722 (base 12) to base 10.
1034
Convert -167e (base 16) to base 13.
-280c
Convert 31073 (base 11) to base 8.
130426
Convert 11232 (base 4) to base 12.
266
What is 71 (base 9) in base 15?
44
Convert -14433 (base 8) to base 9.
-8731
What is -16586 (base 10) in base 11?
-11509
What is -209 (base 12) in base 8?